False
Is 48053263 a prime number?
True
Is 78624353 a prime number?
False
Is 310195 prime?
False
Is 33626885 composite?
True
Is 563309 prime?
False
Is 2301581 a composite number?
False
Is 409788871 a composite number?
False
Is 4147411 composite?
False
Is 9731993 a prime number?
False
Is 6819767 prime?
True
Is 2834383 composite?
True
Is 23341287 a composite number?
True
Is 1067593 a composite number?
False
Is 1538323 a prime number?
False
Is 73204127 prime?
False
Is 10767331 a prime number?
True
Is 25478033 prime?
False
Is 21320183 prime?
True
Is 28306153 a prime number?
True
Is 137567 a composite number?
False
Is 2158859 composite?
False
Is 23561861 a prime number?
True
Is 1320247 prime?
True
Is 1025809 composite?
True
Is 5141947 a prime number?
True
Is 1055839 prime?
True
Is 509398 a prime number?
False
Is 359680511 a prime number?
True
Is 4109695 prime?
False
Is 694489987 a composite number?
False
Is 28663471 a prime number?
False
Is 76150507 a prime number?
True
Is 675595 a prime number?
False
Is 47521499 prime?
True
Is 6134743 a prime number?
True
Is 8686289 a prime number?
False
Is 294874579 a composite number?
False
Is 14041147 composite?
True
Is 2044373 a composite number?
True
Is 800399 a composite number?
False
Is 72374 composite?
True
Is 6049677 a prime number?
False
Is 8628467 prime?
False
Is 47864459 composite?
True
Is 324031 prime?
True
Is 1485683 composite?
False
Is 264002721 a composite number?
True
Is 495809 a composite number?
True
Is 68405237 prime?
True
Is 127547033 composite?
False
Is 2394361 a prime number?
False
Is 5650769 a composite number?
False
Is 272201 composite?
False
Is 7502443 composite?
True
Is 3877219 composite?
False
Is 64786611 prime?
False
Is 4882921 a composite number?
True
Is 31484247 a composite number?
True
Is 157070731 composite?
False
Is 137041067 a prime number?
True
Is 33321403 a composite number?
False
Is 23683247 a prime number?
False
Is 461119 composite?
False
Is 924362 prime?
False
Is 1568243 prime?
True
Is 261554957 prime?
True
Is 463003 a composite number?
False
Is 22556371 a prime number?
True
Is 431794267 composite?
True
Is 2430209 prime?
False
Is 231193811 a prime number?
True
Is 437715827 a prime number?
True
Is 80434817 composite?
False
Is 225569 a composite number?
False
Is 12778487 a prime number?
False
Is 84933133 composite?
True
Is 50957467 composite?
True
Is 1825127 a composite number?
True
Is 268571 prime?
False
Is 62637181 composite?
False
Is 85296513 a composite number?
True
Is 854123 a composite number?
False
Is 65062 a composite number?
True
Is 21968797 prime?
False
Is 307490353 prime?
True
Is 39587957 a prime number?
False
Is 676189621 prime?
True
Is 5891663 prime?
True
Is 13070301 prime?
False
Is 4640747 a prime number?
True
Is 5812343 prime?
True
Is 17081999 a composite number?
True
Is 1232306 a composite number?
True
Is 480691 a composite number?
True
Is 25997633 prime?
True
Is 67434683 a composite number?
True
Is 23220029 composite?
True
Is 35911909 prime?
False
Is 28421453 a composite number?
True
Is 10454467 prime?
False
Is 9731641 composite?
True
Is 27319499 composite?
False
Is 2107543 composite?
False
Is 21765827 composite?
True
Is 13840921 composite?
True
Is 86430917 a composite number?
False
Is 6856079 prime?
True
Is 465554207 a composite number?
True
Is 8606399 a prime number?
False
Is 124501409 composite?
False
Is 439769449 prime?
False
Is 635207605 a prime number?
False
Is 111225553 composite?
False
Is 24728339 a prime number?
True
Is 18881501 prime?
True
Is 45327811 a composite number?
False
Is 33306151 a composite number?
False
Is 599310718 a prime number?
False
Is 214538057 a prime number?
True
Is 282586819 composite?
False
Is 12340577 a composite number?
True
Is 141717557 a composite number?
False
Is 186751 a prime number?
False
Is 39846911 prime?
False
Is 8546313 composite?
True
Is 790003 composite?
False
Is 183513133 prime?
False
Is 190782671 prime?
False
Is 10241471 a prime number?
False
Is 1653853 a prime number?
True
Is 781139 a composite number?
False
Is 84549743 a prime number?
True
Is 81798247 a prime number?
True
Is 488068051 a composite number?
False
Is 606175118 a prime number?
False
Is 16602419 a composite number?
False
Is 6619211 prime?
True
Is 5113943 a prime number?
False
Is 703452071 composite?
True
Is 612583 composite?
False
Is 431021047 prime?
False
Is 170959 a composite number?
True
Is 152045951 a prime number?
True
Is 258389 prime?
True
Is 9425237 prime?
False
Is 50311 composite?
False
Is 38488627 prime?
False
Is 20459767 prime?
True
Is 369481 composite?
True
Is 4779227 composite?
True
Is 21590267 composite?
True
Is 3608201 prime?
False
Is 17852847 a prime number?
False
Is 443239 prime?
False
Is 273107521 prime?
True
Is 32753959 composite?
True
Is 206056369 a composite number?
False
Is 7953565 prime?
False
Is 32166851 a prime number?
True
Is 4371697 a prime number?
False
Is 533633 prime?
True
Is 6015449 prime?
False
Is 1356371 composite?
False
Is 973003 prime?
True
Is 227441 a composite number?
True
Is 1274599 composite?
False
Is 648959 composite?
True
Is 406859 prime?
True
Is 1283143 a prime number?
False
Is 290973577 prime?
True
Is 40082881 prime?
False
Is 7397461 composite?
False
Is 300071789 a composite number?
True
Is 579749 a prime number?
False
Is 31037311 a prime number?
True
Is 51861097 a composite number?
False
Is 234782381 a prime number?
False
Is 4799189 a prime number?
True
Is 9176483 composite?
True
Is 138943381 a composite number?
True
Is 4612019 prime?
True
Is 17449865 a composite number?
True
Is 134471 prime?
True
Is 291929 composite?
True
Is 1017673 prime?
True
Is 64777699 a prime number?
False
Is 788129 prime?
True
Is 2435287 a composite number?
True
Is 4458163 composite?
False
Is 4284237 a composite number?
True
Is 17489993 composite?
False
Is 519389 a composite number?
True
Is 2389063 prime?
True
Is 5563154 prime?
False
Is 10759829 composite?
False
Is 51429167 a prime number?
True
Is 212363131 composite?
True
Is 1906231105 prime?
False
Is 7364909 prime?
True
Is 1614149 a composite number?
False
Is 168506287 prime?
False
Is 14370641 a composite number?
False
Is 6352843 prime?
False
Is 638834095 prime?
False
Is 1588841 a prime number?
True
Is 162329 a prime number?
False
Is 32443161 a prime number?
False
Is 152155243 prime?
True
Is 927503 prime?
False
Is 87311 prime?
False
Is 113896487 a composite number?
False
Is 9870253 composite?
True
Is 2792627 a composite number?
True
Is 2918351 a prime number?
True
Is 102296867 prime?
False
Is 1110071 a prime number?
False
Is 7015589 composite?
True
Is 1753531 prime?
False
Is 970913 a composite number?
True
Is 1567997 prime?
False
Is 9012037 prime?
True
Is 2072047 prime?
False
Is 18285173 composite?
True
Is 28336937 prime?
True
Is 18349487 composite?
True
Is 188637619 prime?
True
Is 52569809 prime?
True
Is 4901353 composite?
True
Is 1068469 composite?
False
Is 1641737 a composite number?
False
Is 21331523 a prime number?
True
Is 15976667 a composite number?
True
Is 1879049 a prime number?
True
Is 1415797 composite?
True
Is 57344891 a prime number?
False
Is 1616179 composite?
True
Is 3876361 a prime number?
False
Is 63961 prime?
False
Is 17033581 composite?
False
Is 909451 prime?
True
Is 14186933 composite?
True
Is 4747871 a prime number?
True
Is 32263877 prime?
True
Is 15589729 prime?
False
Is 2817481 a composite number?
False
Is 14645623 composite?
True
Is 1267359 a composite number?
True
Is 640190521 a composite number?
False
Is 27223181 a prime number?
False
Is 5249579 a prime number?
True
Is 3293387 composite?
False
Is 39640597 a composite number?
True
Is 4543718 a prime number?
False
Is 11007779 a composite number?
False
Is 8131807 a prime number?
True
Is 13984111 a prime number?
True
Is 2767537 a prime number?
False
Is 130895717 a prime number?
False
Is 392343283 a composite number?
False
Is 483293 prime?
False
Is 266587 a prime number?
True
Is 77558743 composite?
True
Is 106835893 composite?
False
Is 31769113 prime?
False
Is 372856093 composite?
False
Is 5805997 a prime number?
True
Is 209059021 a prime number?
True
Is 2291371 a composite number?
True
Is 2002943 composite?
True
Is 34579777 prime?
True
Is 1470149 prime?
True
Is 27481409 composite?
False
Is 64278991 a prime n